 + 0 + (-2)/s*3. Suppose h - 3*l = 164, -5*h + 3*l + 876 = x*l. What are the prime factors of h?
2, 11
Suppose 0 = -4*v + 3*r + 85954, 0 = -1837*v + 1836*v + 4*r + 21469. What are the prime factors of v?
21493
Let l = 7908 + 4422. What are the prime factors of l?
2, 3, 5, 137
Suppose -4*n + 4 = o, 3*n = -2*o + 14 - 6. Suppose t + 0*t = 486. Suppose -o*u = -t - 270. What are the prime factors of u?
3, 7
Suppose -4*q = 8*a - 9*a - 4, -5*a + 4*q = 20. List the prime factors of a/5 + (-8676)/(-45).
2, 3
Let l be (0 + (-9)/(-3))/1. Suppose 4*q - 5*n = 340 + 979, l*q - n - 992 = 0. List the prime factors of q.
331
Let d = 110 - 69. Let q = -37 + d. Suppose q*s = 6*s - 100. List the prime factors of s.
2, 5
Let n(o) = -4*o**3 + 20*o**2 + 87*o + 6. List the prime factors of n(-17).
13, 19, 97
What are the prime factors of -5 + 31200 + -20 - 6?
71, 439
Let j(i) = 795*i + 446. What are the prime factors of j(10)?
2, 2099
Let o(u) = 8*u + 29. Let k be o(-3). List the prime factors of k*(-24)/(-20) + 228.
2, 3, 13
Let a(w) = 43*w**2 + 7*w - 88. Let o be a(-9). Suppose -2068 - o = -3*t. List the prime factors of t.
2, 3, 5
Let j(r) = 6*r**2 - 94*r - 3. Let p be j(16). Let v = 480 + p. What are the prime factors of v?
509
Suppose 10 = -12*s + 10. Suppose -9*r + 18*r - 7695 = s. What are the prime factors of r?
3, 5, 19
Suppose -4*u = -2*d - 34, -3*d = 4*u - 0*d - 9. Suppose u*v = -51 + 15. Let z(c) = c**3 + 8*c**2 - 6*c - 8. What are the prime factors of z(v)?
2, 5
Suppose 10675 = 3*z - 6797. List the prime factors of z.
2, 7, 13
Suppose 3*j - 2*k - 24 = 0, 4*k = -2*j - 2*j + 32. Suppose -4*i = -5*v - 2471, -4*i + j*v - 4*v = -2476. What are the prime factors of i?
2, 3, 13
Suppose -5*c - 55 = -30, 2*c = 4*n - 47770. What are the prime factors of n?
2, 3, 5, 199
Suppose -15*f - 48 = -9*f. Let w be (15/(-6) - -2)*f. Suppose -325 = -w*x + s + 2*s, s = -4*x + 329. What are the prime factors of x?
2, 41
Let x = -40459 - -60188. What are the prime factors of x?
109, 181
Suppose 42*c = 40*c + 30. Let y = 27 + -26. What are the prime factors of (c/25)/((-798)/(-795) - y)?
3, 53
Let u(s) = 6*s**3 + 2*s**2 - 16*s + 6821. List the prime factors of u(0).
19, 359
Suppose -3*l - 4*u + 76303 = 0, l + u + 5325 - 30761 = 0. What are the prime factors of l?
13, 19, 103
Suppose 0 = -5*f + 7*f + q + 9, 15 = -4*f - 5*q. Suppose -2*b - 111 - 3051 = 0. What are the prime factors of 2/12 - (b/18 + f)?
3, 31
Suppose -67*t + 0*t = 186551 - 1784903. What are the prime factors of t?
2, 3, 7, 71
Let k = 272 + -152. Suppose 3*o - 81 - k = -5*d, -5*d + o = -213. Suppose 0 = 2*w - 134 + d. List the prime factors of w.
2, 23
Let p(l) = 93*l**2 - l - 1. Let b be p(-1). Let w be (147/(-12))/((-2)/8). Let a = b - w. List the prime factors of a.
2, 11
Let n be 1/(5/10)*-1. Let m be ((-98)/n + 2)/3. Suppose m*r - 1470 = 10*r. List the prime factors of r.
2, 3, 5, 7
Let z = 52 + 12. Let t = z + -60. Suppose -7*y + 210 = -t*y. What are the prime factors of y?
2, 5, 7
Let r(q) be the second derivative of 77*q**4/12 + 35*q**3/6 + 81*q**2 - 172*q. List the prime factors of r(-4).
2, 3, 11, 19
Let b(s) = s**3 + 6*s**2 - 19*s - 38. Let i be b(-7). Suppose 772 = 3*a + i. What are the prime factors of a?
2, 11
Suppose f + 2*p = -109, -2*f = 3*f + 3*p + 552. Let t = -3173 + 3112. Let g = t - f. What are the prime factors of g?
2, 5
Suppose 35*m = -38*m + 1314. Suppose 0 = 3*u + 3*w - 2*w + 22, 2*w + 38 = -5*u. List the prime factors of (m/(-8)*1)/(u/64).
2, 3
Suppose -1 = -i, 19*i = -m + 16*i + 75571. List the prime factors of m.
2, 4723
Suppose 5*b = 2*b - 3*k + 9, 4*k = -5*b + 14. Suppose 5*c - 142 - 541 = b*d, d = 4*c - 547. Suppose 4*x = -25 + c. List the prime factors of x.
2, 7
Suppose -5*x = 4*l - 21, 4*l = -x - 3*x + 16. Suppose t + 50 = 55. What are the prime factors of t - (-1 + l)/2?
2, 3
Let c = 69 - 127. Let r = c - -64. What are the prime factors of (r - 1)*(92/5 - 3)?
7, 11
Let p(u) = -2*u**2 - 9*u + 19. Let n be p(-6). Suppose d - 7 = -n. Suppose 16*w = d*w + 150. What are the prime factors of w?
3, 5
Let z(m) = -2*m**2 - 20*m - 35. Let q be z(-7). Let r(o) = 2*o**3 - 5*o**2 - 15*o - 12. What are the prime factors of r(q)?
2, 3
Let m(h) be the first derivative of h**4/4 - 8*h**3/3 + 7*h**2/2 - 3*h - 61. What are the prime factors of m(9)?
3, 47
Suppose 35*k + 2003434 = 169*k. What are the prime factors of k?
14951
Let n = -117 - -120. Suppose 3*m = 4*q - 197, -n*q - 5*m + 237 = q. What are the prime factors of q?
53
Let c(q) = q**3 + 3*q**2 - 3*q - 7. Let a be c(4). List the prime factors of (a - 1) + (-8)/2.
2, 11
Let q = -5555 + 14693. Suppose q + 298 = 14*h. List the prime factors of h.
2, 337
Let h = -102 + 111. Suppose 18 = h*l - 63. Suppose 4*g - l*g = -y + 149, 0 = g + 4. What are the prime factors of y?
3, 43
Let p = 192 - 118. Suppose -p*k = -42483 + 7481. What are the prime factors of k?
11, 43
Let j = -6 + 18. Suppose -j = -23*b + 27*b. Let g(l) = 8*l**2 + 5*l. List the prime factors of g(b).
3, 19
Suppose -135418 = -3*r + 5*a, -5*r - 26512 = -a - 252260. List the prime factors of r.
163, 277
Suppose -4*l - 3*o + 5 = 0, -2*l + 0*l = o - 3. Suppose -l*p = -7*p + 40. Suppose 0*j = p*j - 512. List the prime factors of j.
2
Let t(c) = c - 1. Let f(u) = 131*u**3 + 2*u**2 + 4*u - 10. Let a(s) = f(s) - 3*t(s). List the prime factors of a(2).
1051
Suppose 4*g + 92785 = 5*v + 9*g, -92809 = -5*v + 3*g. Suppose 47*q - 37*q = v. List the prime factors of q.
2, 29
Let g(c) = 3*c**2. Let n be g(-1). Suppose 3*k - 3*x = -0*k + 120, n*x = -k + 40. List the prime factors of (175/k*6)/(1/4).
3, 5, 7
Let h(m) = -m**3 + 56*m**2 + 467*m. What are the prime factors of h(57)?
2, 3, 5, 19, 41
Let h(j) = -j**3 + 42 - 4*j - 2*j**2 + j - 13*j**2 - 38. Let w be -1*(-7)/((-21)/45). What are the prime factors of h(w)?
7
Suppose -2*q - 2*v + 86 = 0, 3*q + 4*v + 4 = 132. Suppose -2*b + 7 + 5 = 0. Suppose 124 + q = b*p. What are the prime factors of p?
2, 7
Let m(k) = 83*k**2 + 4*k + 3. Let j(s) = s**2 - 2. Let w be j(-2). Let l be m(w). Suppose -a + 96 = -2*p, -4*a + 81 + l = 2*p. List the prime factors of a.
2, 13
Let w be ((-568)/8)/(25/(-80))*10. Suppose -w = -15*m - m. What are the prime factors of m?
2, 71
Suppose 3*u = 3*h + 891, -309 = -u - 6*h + 3*h. List the prime factors of -6 + 2 + u + -4.
2, 73
List the prime factors of (4 - (3 + -11))/(6105/(-6115) - -1).
2, 3, 1223
What are the prime factors of 7/(-1)*2*((-15270)/4)/3?
5, 7, 509
Suppose -951 - 3799 = -60*c + 22*c. What are the prime factors of c?
5
Let h(b) = -b**2 - 18 + 5 + 10*b - b - b. Let s be h(5). Let j(l) = 25*l - 4. What are the prime factors of j(s)?
2, 23
Let z(u) be the second derivative of u**4/3 + 11*u**3/6 + 21*u**2 - 82*u. List the prime factors of z(8).
2, 193
Suppose -396*d + 277486 = -573518. List the prime factors of d.
7, 307
Suppose 0*p + p = 5. Let t(m) = -5*m - 10 + p*m + 13*m. List the prime factors of t(5).
5, 11
Let a = -116 + 116. Suppose -19*s + 17*s + 650 = a. What are the prime factors of s?
5, 13
Let w(c) = 96 - 10 - 12 + 5*c - 3*c. Let s(u) = -u**2 + 6*u + 7. Let a be s(7). What are the prime factors of w(a)?
2, 37
Let c = -4 + 6. Suppose 2*v + q = c*q + 9, -2*q - 10 = 0. Suppose 501 = 5*w + t, -49 - 249 = -3*w + v*t. List the prime factors of w.
2, 5
Let h = 723 - 322. Let j = -145 + h. List the prime factors of j.
2
Let z = 5081 + -2595. List the prime factors of z.
2, 11, 113
Let q = 13 + -8. Suppose -173 = -q*l - i, -3*l = -8*l - 3*i + 179. Suppose l = -20*m + 21*m. List the prime factors of m.
2, 17
Suppose -2*l - 3 = -5*l. List the prime factors of -2*l*(-3094)/28.
13, 17
Let j = -7130 + 19597. What are the prime factors of j?
7, 13, 137
Suppose -d = 5*q - 3*d - 25, -4*q + 3*d = -20. Suppose 15 = 5*r - 4*b - 0, -q*b = -5*r + 20. List the prime factors of ((-726)/(-14) - r) + (-4)/(-28).
53
Suppose -35 = 5*u + 3*y, -4*u - u + 5*y = -5. Let c be -2*(u/(-6))/((-2)/15). What are the prime factors of -38*(-5)/c - 2?
17
Let w be (8 - 8)/(2/2). Suppose w = 6*c - 13*c + 6853. What are the prime factors of c?
11, 89
List the prime factors of ((-52766)/35)/((-12)/(-10))*-3.
3769
Suppose -166*h + 424636 = -3529318. List the prime factors of h.
23819
List the prime factors of (-28)/(-42)*((-19887)/(-2) + -3).
3, 